06098?
False
Does 5 divide 1092353?
False
Does 6406 divide 2871594999?
False
Does 418 divide 269485018?
True
Does 257 divide 1402798749?
False
Is 99672768 a multiple of 3888?
True
Is 865546 a multiple of 22?
True
Is 144 a factor of 42594343?
False
Does 16 divide 1255675456?
True
Does 668 divide 1490710478?
False
Does 2328 divide 650042784?
True
Is 6858 a factor of 6929465478?
False
Does 55 divide 191703225?
False
Is 2 a factor of 9710778?
True
Is 5721047896 a multiple of 1865?
False
Is 8349709 a multiple of 29?
True
Does 790 divide 2849530?
True
Is 1199 a factor of 1377922?
False
Does 969 divide 69153016?
False
Does 1261 divide 7900165?
True
Is 6295130437 a multiple of 1626?
False
Is 252690166 a multiple of 143?
False
Is 196 a factor of 490412972?
True
Is 140304186 a multiple of 46?
True
Is 4645675 a multiple of 17?
True
Does 2 divide 4148635?
False
Is 137 a factor of 426250829?
False
Is 12 a factor of 81186744?
True
Is 569 a factor of 610670101?
False
Does 337 divide 9304188?
False
Is 184 a factor of 17950372?
False
Does 3317 divide 82885196?
True
Is 129196955 a multiple of 970?
False
Does 23 divide 537676715?
False
Is 14 a factor of 62029115?
False
Is 197 a factor of 8772607?
True
Is 46 a factor of 16940063?
False
Does 13 divide 18983120?
True
Is 981 a factor of 2965562295?
False
Does 1669 divide 28813616?
True
Does 12 divide 58374129?
False
Is 170916840 a multiple of 24?
True
Is 64 a factor of 6454556?
False
Is 10683382 a multiple of 788?
False
Is 12299921 a multiple of 23?
False
Does 10 divide 140409781?
False
Is 24 a factor of 351435048?
True
Is 10 a factor of 20032950?
True
Does 1506 divide 22302354?
True
Does 13 divide 39124100?
False
Is 212 a factor of 31785796?
True
Is 419 a factor of 832990?
False
Is 39 a factor of 304560597?
False
Is 30084601 a multiple of 31?
True
Is 226 a factor of 1781561684?
False
Is 850805532 a multiple of 221?
False
Is 210 a factor of 478623279?
False
Does 654 divide 21021522?
True
Is 298 a factor of 43668026?
True
Does 22 divide 2189524802?
False
Is 52023166 a multiple of 26?
True
Is 37200164 a multiple of 20?
False
Does 21 divide 67063826?
False
Is 7184093 a multiple of 1500?
False
Is 316304368 a multiple of 1328?
True
Is 459 a factor of 54630442?
False
Does 427 divide 509355294?
False
Does 89 divide 1167557040?
False
Is 916 a factor of 121051232?
True
Is 1912 a factor of 303851216?
True
Is 22 a factor of 61282188?
True
Is 237 a factor of 12159854?
False
Does 44 divide 107448?
True
Is 41 a factor of 6826159?
False
Is 3068416786 a multiple of 609?
False
Is 128019717 a multiple of 63?
True
Is 110766500 a multiple of 325?
True
Is 3 a factor of 45045623?
False
Does 6473 divide 2133902305?
False
Does 5 divide 8867526?
False
Is 389812047 a multiple of 30?
False
Is 242005843 a multiple of 9?
False
Does 13 divide 63988832?
False
Is 110 a factor of 1831422?
False
Is 348 a factor of 42433380?
True
Does 87 divide 14516807?
False
Is 69 a factor of 720444525?
True
Is 7820982 a multiple of 507?
True
Is 7159 a factor of 280183257?
False
Is 16 a factor of 12979248?
True
Is 8078972 a multiple of 44?
True
Is 38298096 a multiple of 29?
True
Is 15 a factor of 408964128?
False
Is 420430312 a multiple of 940?
False
Is 554 a factor of 362991699?
False
Does 32 divide 497497193?
False
Is 14194192 a multiple of 16?
True
Is 631498322 a multiple of 198?
False
Does 28 divide 43419880?
True
Is 34 a factor of 2872735028?
False
Is 477 a factor of 3863270223?
True
Is 327 a factor of 178664298?
True
Does 4335 divide 467618316?
False
Is 10 a factor of 92489980?
True
Does 1110 divide 143477209?
False
Is 15 a factor of 48751358?
False
Is 1333452225 a multiple of 615?
True
Is 111045951 a multiple of 6?
False
Is 3757 a factor of 33571751?
False
Is 780 a factor of 745100814?
False
Is 460 a factor of 2971006852?
False
Is 22627848 a multiple of 24?
True
Does 611 divide 45411964?
True
Is 91 a factor of 19067321?
True
Does 1340 divide 34892512?
False
Is 648 a factor of 90343512?
True
Does 268 divide 988612068?
True
Is 2563 a factor of 546845231?
False
Is 1136819279 a multiple of 1846?
False
Is 46965128 a multiple of 1713?
False
Is 865958898 a multiple of 64?
False
Is 3553 a factor of 272896914?
False
Is 4924 a factor of 104217951?
False
Is 8458593 a multiple of 11?
True
Does 1495 divide 46334535?
True
Does 347 divide 89879334?
False
Is 20 a factor of 1008339540?
True
Is 5379159 a multiple of 41?
True
Does 243 divide 351146421?
True
Does 100 divide 104144614?
False
Does 1715 divide 711270525?
True
Is 409270830 a multiple of 470?
True
Is 5050 a factor of 156353050?
True
Does 1036 divide 42754002?
False
Is 3524008176 a multiple of 8?
True
Does 5868 divide 501285636?
True
Is 2109964017 a multiple of 41?
True
Does 59 divide 11790796?
True
Is 26775816 a multiple of 1479?
True
Is 35 a factor of 260087945?
False
Is 7 a factor of 389329148?
False
Is 7397550 a multiple of 5802?
True
Does 3913 divide 46928609?
True
Is 1179799994 a multiple of 9457?
False
Is 328006848 a multiple of 2496?
True
Is 2715378 a multiple of 2?
True
Is 12938517 a multiple of 3?
True
Does 72 divide 40679473?
False
Does 111 divide 141360831?
True
Does 194 divide 719057508?
True
Does 69 divide 167230194?
True
Is 75023754 a multiple of 507?
False
Is 170 a factor of 969607022?
False
Does 7 divide 43191400?
True
Is 190 a factor of 439573550?
True
Is 2647854 a multiple of 4?
False
Is 1889 a factor of 150900876?
True
Is 457 a factor of 274619260?
False
Is 448471 a multiple of 3?
False
Is 27 a factor of 18632457?
True
Does 10 divide 899994580?
True
Does 4 divide 502537944?
True
Is 17253976 a multiple of 56?
False
Is 2199722758 a multiple of 2130?
False
Is 498450180 a multiple of 5?
True
Is 120 a factor of 167283806?
False
Is 15 a factor of 181252605?
True
Is 839712124 a multiple of 233?
False
Is 24335891 a multiple of 7?
False
Is 72 a factor of 1162517?
False
Is 414383662 a multiple of 11?
True
Does 51 divide 6396420?
True
Does 29 divide 739269021?
False
Is 52955694 a multiple of 27?
True
Is 2124968701 a multiple of 4446?
False
Is 11473248 a multiple of 580?
False
Is 16259346 a multiple of 44?
False
Does 143 divide 1010905610?
True
Is 4097 a factor of 3044415148?
True
Does 51 divide 19285012?
False
Is 377 a factor of 75436127?
False
Does 217 divide 121621556?
True
Is 1066 a factor of 768039142?
True
Does 90 divide 82886072?
False
Does 30 divide 39993384?
False
Is 173532122 a multiple of 2025?
False
Is 297779684 a multiple of 207?
False
Is 142308243 a multiple of 1903?
True
Does 4080 divide 3882809520?
True
Is 3969708 a multiple of 228?
True
Does 164 divide 1778753213?
False
Is 710125576 a multiple of 3?
False
Is 3695717425 a multiple of 158?
False
Is 929989895 a multiple of 5859?
False
Does 75 divide 102696375?
True
Is 735 a factor of 62729158?
False
Does 471 divide 10761793?
False
Is 24 a factor of 4466144?
False
Does 69 divide 7392660?
True
Is 462030696 a multiple of 279?
True
Is 9797317 a multiple of 43?
False
Does 103 divide 20711034?
True
Is 276545844 a multiple of 333?
True
Is 28277886 a multiple of 773?
True
Is 2527266937 a multiple of 121?
False
Is 188745506 a multiple of 15?
False
Does 17 divide 66793306?
True
Does 29 divide 27785335?
True
Is 4208 a factor of 1351525495?
False
Is 14871049 a multiple of 375?
False
Is 14 a factor of 1597662780?
True
Does 181 divide 75951888?
False
Is 2515507493 a multiple of 219?
False
Is 145 a factor of 87762700?
True
Is 1147645996 a multiple of 2737?
True
Is 87690172 a multiple of 102?
False
Is 19133562 a multiple of 2001?
True
Is 5251280 a multiple of 230?
False
Is 26217672 a multiple of 2?
True
Is 3 a factor of 797352966?
True
Does 68 divide 1584593?
False
Is 319 a factor of 866197552?
False
Is 2934 a factor of 560008787?
False
Does 12 divide 40796913?
False
Is 129627299 a multiple of 18?
False
Is 405987564 a multiple of 387?
False
Is 1685931520 a multiple of 910?
True
Is 610 a factor of 7931220?
True
Is 131 a factor of 89523490?
False
Is 3506615385 a multiple of 215?
True
Is 21525678 a multiple of 354?
True
Is 5832 a factor of 183112890?
False
Is 6 a factor of 10623998?
False
Does 33 divide 51014166?
False
Is 881402526 a multiple of 9?
True
Is 3376 a factor of 59567595?
False
Is 347797898 a multiple of 2723?
True
Is 4993278 a multiple of 4?
False